e remainder when 317540 is divided by 52917.
38
What is the remainder when 71010 is divided by 392?
58
What is the remainder when 32568957 is divided by 26076?
33
What is the remainder when 1142941 is divided by 190478?
73
Calculate the remainder when 4349180 is divided by 869835.
5
Calculate the remainder when 1248142 is divided by 208022.
10
Calculate the remainder when 983672 is divided by 5856.
5720
Calculate the remainder when 6365902 is divided by 161.
123
Calculate the remainder when 4324821 is divided by 5447.
5350
What is the remainder when 87602487 is divided by 3490?
3487
What is the remainder when 27183 is divided by 320?
303
What is the remainder when 240246 is divided by 694?
122
Calculate the remainder when 109624 is divided by 2671.
113
Calculate the remainder when 12454 is divided by 3202.
2848
Calculate the remainder when 6127 is divided by 1373.
635
Calculate the remainder when 45792 is divided by 22751.
290
Calculate the remainder when 154097 is divided by 153.
26
What is the remainder when 3692143 is divided by 508?
507
What is the remainder when 19519248 is divided by 4247?
36
What is the remainder when 389703 is divided by 129259?
1926
What is the remainder when 56970 is divided by 338?
186
What is the remainder when 614872 is divided by 223?
61
Calculate the remainder when 9341 is divided by 3447.
2447
Calculate the remainder when 60709014 is divided by 6269.
18
What is the remainder when 13391373 is divided by 16?
13
Calculate the remainder when 4514027 is divided by 129.
59
What is the remainder when 62503841 is divided by 988?
985
What is the remainder when 194081 is divided by 3084?
2873
Calculate the remainder when 39679 is divided by 4894.
527
Calculate the remainder when 272739 is divided by 1178.
621
What is the remainder when 20623959 is divided by 1022?
1021
Calculate the remainder when 899617 is divided by 3938.
1753
Calculate the remainder when 1995188 is divided by 160.
148
What is the remainder when 6909799 is divided by 106304?
39
What is the remainder when 24127 is divided by 516?
391
Calculate the remainder when 706146 is divided by 366.
132
What is the remainder when 29621610 is divided by 9897?
9786
Calculate the remainder when 17005722 is divided by 1504.
1498
What is the remainder when 4905688 is divided by 76647?
280
Calculate the remainder when 417699752 is divided by 2293.
2286
What is the remainder when 575669 is divided by 533?
29
What is the remainder when 50019874 is divided by 1773?
1771
What is the remainder when 75082808 is divided by 4171267?
2
What is the remainder when 31311460 is divided by 160?
100
What is the remainder when 7265422 is divided by 23?
21
Calculate the remainder when 1753641 is divided by 876801.
39
Calculate the remainder when 339747533 is divided by 303.
299
Calculate the remainder when 3116129 is divided by 92.
89
Calculate the remainder when 2483330 is divided by 38802.
2
Calculate the remainder when 4143896 is divided by 6738.
26
What is the remainder when 296944 is divided by 276?
244
What is the remainder when 473102 is divided by 935?
927
What is the remainder when 41083823 is divided by 1304?
1303
Calculate the remainder when 189028 is divided by 323.
73
What is the remainder when 812777 is divided by 16?
9
Calculate the remainder when 2124364 is divided by 1522.
1174
Calculate the remainder when 2818159 is divided by 46969.
19
Calculate the remainder when 110306 is divided by 13499.
2314
What is the remainder when 1791296 is divided by 226?
20
What is the remainder when 974280 is divided by 19101?
129
What is the remainder when 3407981 is divided by 63?
59
What is the remainder when 305123 is divided by 818?
9
Calculate the remainder when 63001077 is divided by 15750265.
17
What is the remainder when 25586 is divided by 25250?
336
What is the remainder when 55464117 is divided by 63?
51
What is the remainder when 6812957 is divided by 24507?
11
What is the remainder when 215151 is divided by 2989?
2932
What is the remainder when 496003 is divided by 949?
625
Calculate the remainder when 17517 is divided by 1455.
57
Calculate the remainder when 293122 is divided by 3910.
3782
What is the remainder when 62930525 is divided by 12566?
12563
What is the remainder when 780839 is divided by 40?
39
What is the remainder when 255740 is divided by 36363?
1199
What is the remainder when 124874 is divided by 104?
74
Calculate the remainder when 336613 is divided by 33453.
2083
What is the remainder when 12884 is divided by 4197?
293
What is the remainder when 4976885 is divided by 447?
434
Calculate the remainder when 3754852 is divided by 619.
617
What is the remainder when 1810883 is divided by 30?
23
What is the remainder when 42261 is divided by 4192?
341
Calculate the remainder when 5071 is divided by 4055.
1016
Calculate the remainder when 2914835 is divided by 1539.
1508
Calculate the remainder when 62808078 is divided by 867.
864
What is the remainder when 5618893 is divided by 562?
17
What is the remainder when 1772644 is divided by 480?
4
What is the remainder when 176174 is divided by 731?
3
What is the remainder when 7944113 is divided by 30?
23
What is the remainder when 15649782 is divided by 223568?
22
What is the remainder when 613234 is divided by 141?
25
Calculate the remainder when 160033714 is divided by 3849.
3841
Calculate the remainder when 7806736 is divided by 1294.
34
What is the remainder when 20026259 is divided by 2130?
2129
What is the remainder when 3892235 is divided by 12?
11
Calculate the remainder when 13808128 is divided by 4615.
48
Calculate the remainder when 560423 is divided by 2336.
2119
What is the remainder when 190658 is divided by 21183?
11
What is the remainder when 637452720 is divided by 65?
60
Calculate the remainder when 66330 is divided by 19.
1
What is the remainder when 215663354 is divided by 8626534?
4
Calculate the remainder when 9905 is divided by 1400.
105
Calculate the remainder when 6960880 is divided by 372.
16
Calculate the remainder when 121370 is divided by 754.
730
What is the remainder when 292247 is divided by 589?
103
Calculate the remainder when 1029439 is divided by 1927.
421
Calculate the remainder when 165450568 is divided by 3959.
3958
What is the remainder when 439117 is divided by 19089?
70
Calculate the remainder when 1983047 is divided by 330506.
11
What is the remainder when 67661 is divided by 13291?
1206
What is the remainder when 235076 is divided by 322?
16
What is the remainder when 40841771 is divided by 8804?
15
What is the remainder when 83595 is divided by 11935?
50
Calculate the remainder when 130550143 is divided by 43516708.
19
What is the remainder when 447331 is divided by 74453?
613
Calculate the remainder when 2507833 is divided by 4627.
4626
Calculate the remainder when 1966044 is divided by 140430.
24
What is the remainder when 3391749 is divided by 30283?
53
Calculate the remainder when 1308727 is divided by 327.
73
Calculate the remainder when 7964206 is divided by 534.
130
Calculate the remainder when 947240 is divided by 947018.
222
Calculate the remainder when 849630 is divided by 212351.
226
What is the remainder when 33200485 is divided by 120729?
10
Calculate the remainder when 906266 is divided by 453077.
112
What is the remainder when 428300 is divided by 3346?
12
What is the remainder when 281092 is divided by 46602?
1480
Calculate the remainder when 556027 is divided by 2233.
10
What is the remainder when 125707 is divided by 349?
67
Calculate the remainder when 48905 is divided by 172.
57
Calculate the remainder when 527203 is divided by 1594.
1183
What is the remainder when 1470171 is divided by 13365?
21
What is the remainder when 4304 is divided by 1402?
98
What is the remainder when 9434011 is divided by 48?
43
What is the remainder when 1391113 is divided by 522?
505
Calculate the remainder when 538026 is divided by 107605.
1
Calculate the remainder when 974644 is divided by 974522.
122
Calculate the remainder when 144985 is divided by 28823.
870
Calculate the remainder when 10073669 is divided by 688.
661
Calculate the remainder when 6942193 is divided by 5016.
49
What is the remainder when 299176 is divided by 177?
46
Calculate the remainder when 301115